6 is divided by 296.
120
What is the remainder when 1697125 is divided by 321?
319
What is the remainder when 284376701 is divided by 3616?
3613
What is the remainder when 16015 is divided by 824?
359
What is the remainder when 11780321 is divided by 36?
5
Calculate the remainder when 43005047 is divided by 19637.
17
Calculate the remainder when 5082721 is divided by 7420.
21
What is the remainder when 35021 is divided by 2684?
129
What is the remainder when 68301 is divided by 31270?
5761
What is the remainder when 147204 is divided by 431?
233
What is the remainder when 28268607 is divided by 825?
807
Calculate the remainder when 3301245 is divided by 12.
9
Calculate the remainder when 23935 is divided by 22594.
1341
What is the remainder when 175653 is divided by 2660?
93
Calculate the remainder when 2045159 is divided by 2044961.
198
Calculate the remainder when 973138 is divided by 485082.
2974
Calculate the remainder when 15408497 is divided by 283.
279
What is the remainder when 25075760 is divided by 311?
141
What is the remainder when 4238329 is divided by 1928?
585
Calculate the remainder when 9423466 is divided by 6.
4
Calculate the remainder when 11022491 is divided by 470.
51
Calculate the remainder when 5350600 is divided by 25479.
10
Calculate the remainder when 40925594 is divided by 563.
561
Calculate the remainder when 3275181 is divided by 48.
45
What is the remainder when 99326 is divided by 96303?
3023
What is the remainder when 406066 is divided by 101505?
46
What is the remainder when 10858297 is divided by 1331?
1330
What is the remainder when 30451 is divided by 609?
1
Calculate the remainder when 76780 is divided by 429.
418
What is the remainder when 9310916 is divided by 4351?
4127
Calculate the remainder when 26722186 is divided by 55.
51
Calculate the remainder when 6786546 is divided by 3023.
2934
Calculate the remainder when 228294571 is divided by 13756.
13751
Calculate the remainder when 2734812 is divided by 1534.
1224
What is the remainder when 5812764 is divided by 645855?
69
What is the remainder when 65704091 is divided by 1074?
1067
What is the remainder when 65590401 is divided by 6592?
1
Calculate the remainder when 372641 is divided by 9553.
74
Calculate the remainder when 9780472 is divided by 9780186.
286
Calculate the remainder when 419742 is divided by 1590.
1572
Calculate the remainder when 368923 is divided by 5506.
21
What is the remainder when 12121710 is divided by 51?
30
Calculate the remainder when 717498 is divided by 92.
82
What is the remainder when 10834998 is divided by 393?
381
Calculate the remainder when 1831344 is divided by 44.
20
Calculate the remainder when 1404638 is divided by 58526.
14
What is the remainder when 188882921 is divided by 6?
5
What is the remainder when 22626096 is divided by 754203?
6
What is the remainder when 9934 is divided by 648?
214
Calculate the remainder when 2072892 is divided by 414557.
107
What is the remainder when 117907 is divided by 5892?
67
What is the remainder when 890984 is divided by 68319?
2837
What is the remainder when 106315676 is divided by 319?
313
Calculate the remainder when 282535 is divided by 2117.
974
What is the remainder when 2262211 is divided by 3585?
76
Calculate the remainder when 131096 is divided by 224.
56
What is the remainder when 30333 is divided by 3209?
1452
What is the remainder when 67274735 is divided by 1833?
1802
Calculate the remainder when 6506604 is divided by 302.
14
Calculate the remainder when 4263270 is divided by 487.
72
What is the remainder when 726596587 is divided by 2918?
2915
What is the remainder when 3346380 is divided by 107947?
23
Calculate the remainder when 7694 is divided by 2342.
668
Calculate the remainder when 6488311 is divided by 451.
225
What is the remainder when 9721452 is divided by 39842?
4
What is the remainder when 400256 is divided by 200122?
12
Calculate the remainder when 21192172 is divided by 18.
16
Calculate the remainder when 149247 is divided by 18632.
191
Calculate the remainder when 355742998 is divided by 5.
3
What is the remainder when 479702 is divided by 2905?
377
Calculate the remainder when 1080631 is divided by 1150.
781
What is the remainder when 1194117 is divided by 535?
532
Calculate the remainder when 187730402 is divided by 34.
14
What is the remainder when 11434496 is divided by 36?
32
Calculate the remainder when 2469159 is divided by 36311.
11
What is the remainder when 420342 is divided by 1121?
1088
Calculate the remainder when 22021 is divided by 10749.
523
Calculate the remainder when 855659 is divided by 448.
427
Calculate the remainder when 3416493 is divided by 683286.
63
What is the remainder when 171441287 is divided by 3676?
3675
Calculate the remainder when 29731675 is divided by 849475.
50
Calculate the remainder when 6074158 is divided by 6998.
6892
What is the remainder when 6716744 is divided by 335?
329
What is the remainder when 7290170 is divided by 11?
8
What is the remainder when 5958722 is divided by 248?
26
What is the remainder when 87949391 is divided by 43974685?
21
What is the remainder when 147449 is divided by 538?
37
What is the remainder when 266309 is divided by 17733?
314
What is the remainder when 708916 is divided by 236284?
64
What is the remainder when 18527 is divided by 1834?
187
What is the remainder when 157577 is divided by 104?
17
What is the remainder when 1187330 is divided by 51606?
392
Calculate the remainder when 1907019 is divided by 477.
450
What is the remainder when 31193134 is divided by 139255?
14
What is the remainder when 22654630 is divided by 92?
90
What is the remainder when 31400047 is divided by 67?
28
What is the remainder when 31438464 is divided by 1698?
1692
Calculate the remainder when 774388 is divided by 3085.
53
What is the remainder when 114395 is divided by 216?
131
What is the remainder when 3220618 is divided by 1441?
1424
What is the remainder when 136786 is divided by 1228?
478
Calculate the remainder when 153202433 is divided by 133.
132
What is the remainder when 1431721 is divided by 204530?
11
Calculate the remainder when 73859 is divided by 120.
59
What is the remainder when 1680430 is divided by 21?
10
What is the remainder when 137385 is divided by 5194?
2341
Calculate the remainder when 24780 is divided by 6192.
12
What is the remainder when 36989 is divided by 18?
17
What is the remainder when 13585498 is divided by 77190?
58
What is the remainder when 14134 is divided by 2728?
494
What is the remainder when 6103 is divided by 2962?
179
What is the remainder when 21431 is divided by 1413?
236
Calculate the remainder when 818973 is divided by 81893.
43
Calculate the remainder when 26572 is divided by 26386.
186
Calculate the remainder when 95230 is divided by 6017.
4975
What is the remainder when 107409 is divided by 1359?
48
What is the remainder when 411965 is divided by 3850?
15
What is the remainder when 19660 is divided by 19413?
247
What is the remainder when 892360 is divided by 538?
356
What is the remainder when 878961 is divided by 111?
63
What is the remainder when 140260437 is divided by 92?
89
Calculate the remainder when 751019 is divided by 250333.
20
What is the remainder when 1826560 is divided by 1826496?
64
What is the remainder when 403167 is divided by 403141?
26
What is the remainder when 64141 is divided by 30139?
3863
What is the remainder when 3583 is divided by 2082?
1501
Calculate the remainder when 40077 is divided by 25560.
14517
What is the remainder when 3831237 is divided by 766245?
12
What is the remainder when 112645 is divided by 12520?
12485
Calculate the remainder when 87745 is divided by 1867.
1863
What is the remainder when 43999 is divided by 1124?
163
Calculate the remainder when 1127857 is divided by 31.
15
What is the remainder when 36559512 is divided by 4906?
0
What is the remainder when 26968040 is divided by 4814?
12
Calculate the remainder when 25310180 is divided by 90393.
140
What is the remainder when 238267 is divided by 231764?
6503
Calculate the remainder when 168279 is divided by 7007.
111
Calculate the remainder when 249325 is divided by 182.
167
What is the remainder when 60009 is divided by 59813?
196
What is t